t is -2 + -200?
-202
In base 9, what is 214 + 2?
216
In base 14, what is 19c - 1?
19b
In base 11, what is 125 - 3?
122
In base 16, what is -5 + -1?
-6
In base 13, what is 5 - 1a9?
-1a4
In base 10, what is 1521 - -5?
1526
In base 2, what is 1111010100 + -1100?
1111001000
In base 13, what is 297 - -2?
299
In base 3, what is 22210 - 12?
22121
In base 7, what is 1306 - 14?
1262
In base 6, what is 20 - 1025?
-1005
In base 14, what is 4 - 3?
1
In base 9, what is 1152 + 4?
1156
In base 14, what is -25 - -28?
3
In base 7, what is -1 - 140?
-141
In base 6, what is -453 - -12?
-441
In base 11, what is -84 + 5?
-7a
In base 8, what is 5 + 115?
122
In base 12, what is 13 + -177?
-164
In base 3, what is 12 + -20111?
-20022
In base 4, what is -100 - 1?
-101
In base 11, what is 1 - -a03?
a04
In base 15, what is -2 - -d3?
d1
In base 6, what is -5 - -125?
120
In base 7, what is -55 - 122?
-210
In base 12, what is 25ba - 4?
25b6
In base 6, what is -3 - 450?
-453
In base 7, what is 4 - 1065?
-1061
In base 12, what is -257 + 4?
-253
In base 4, what is 3 + 10020?
10023
In base 16, what is 0 + -17?
-17
In base 4, what is 3 + 20?
23
In base 15, what is -3 - -3b?
38
In base 4, what is 213 - -221?
1100
In base 4, what is -2002 + 20?
-1322
In base 7, what is 15 + 50?
65
In base 6, what is -21352 - 3?
-21355
In base 6, what is -20 - 253?
-313
In base 16, what is 1 - -7b?
7c
In base 16, what is 0 + -a?
-a
In base 12, what is 0 + -a37?
-a37
In base 8, what is 475 - 2?
473
In base 11, what is -960 - 4?
-964
In base 6, what is -310 - -4?
-302
In base 10, what is -191 - -4?
-187
In base 13, what is -20c7 + -1?
-20c8
In base 3, what is -2001 - 21?
-2022
In base 10, what is 0 + -1867?
-1867
In base 10, what is 140 + 0?
140
In base 5, what is -304001 + -4?
-304010
In base 9, what is 131 + -1?
130
In base 5, what is -12 - 3000?
-3012
In base 10, what is 50 - -3?
53
In base 12, what is 9 + 53?
60
In base 12, what is 8336 - 3?
8333
In base 3, what is 2 - -2100?
2102
In base 13, what is -5 - -603?
5cb
In base 15, what is -19 + -38?
-52
In base 15, what is 2 - -5e?
61
In base 13, what is -3783 - -5?
-377b
In base 2, what is 100001 - -100101001?
101001010
In base 10, what is -149 + -1?
-150
In base 4, what is 2 + 121011?
121013
In base 16, what is 262 + 3?
265
In base 8, what is -2053 + -5?
-2060
In base 3, what is 1011 + 0?
1011
In base 16, what is -b82 - 0?
-b82
In base 6, what is -2 - -1210?
1204
In base 8, what is 160 - 2?
156
In base 2, what is -110000 - -111110?
1110
In base 9, what is -45 + 5?
-40
In base 13, what is 4 - -496?
49a
In base 10, what is -2 - -298?
296
In base 9, what is 4151 + -1?
4150
In base 12, what is -2b18 + -2?
-2b1a
In base 9, what is -3 + -57?
-61
In base 6, what is 224423 + -2?
224421
In base 11, what is -16 - 22?
-38
In base 12, what is -2 + -a7?
-a9
In base 15, what is -c - 6?
-13
In base 15, what is 98 + 3?
9b
In base 14, what is -4 - -43?
3d
In base 16, what is 76e - -12?
780
In base 3, what is -220011 - 1?
-220012
In base 5, what is -2434 - -2?
-2432
In base 9, what is -5237 - -3?
-5234
In base 5, what is 323 - 2?
321
In base 8, what is -1 + 205?
204
In base 10, what is 2 - -15?
17
In base 10, what is -104 + -2?
-106
In base 14, what is 3 - -1b7?
1ba
In base 9, what is 15 - -21?
36
In base 12, what is -2 - 423?
-425
In base 3, what is 121 - 220?
-22
In base 4, what is 131030 + 1?
131031
In base 13, what is -380 - 5?
-385
In base 13, what is -310 - -2?
-30b
In base 2, what is 101111 + 1111?
111110
In base 3, what is -102 - 110111?
-110220
In base 13, what is 154 + b?
162
In base 9, what is -63 - -71?
7
In base 7, what is 1 + 320?
321
In base 5, what is 201 - -131?
332
In base 5, what is 21 + 3?
24
In base 6, what is 2431 + 2?
2433
In base 8, what is -4 - 163?
-167
In base 10, what is 109 - -3?
112
In base 8, what is 36 - -4?
42
In base 7, what is 65 - -105?
203
In base 3, what is 11 - -21?
102
In base 8, what is 10 + -2200?
-2170
In base 7, what is -1061 - -3?
-1055
In base 3, what is 2010012 - 10?
2010002
In base 5, what is -2240 + 40?
-2200
In base 4, what is 2211 + -10?
2201
In base 16, what is 2 + 7?
9
In base 7, what is -63 - 5?
-101
In base 5, what is 1221 + -1?
1220
In base 3, what is 10 + 21201?
21211
In base 6, what is -5513 + 14?
-5455
In base 10, what is 3 + -70?
-67
In base 9, what is 46 + 1?
47
In base 3, what is -12 - 20022?
-20111
In base 3, what is 212 + -10211?
-2222
In base 3, what is -11 - -100?
12
In base 15, what is 7 + -b?
-4
In base 6, what is -2412 - 103?
-2515
In base 15, what is 68 + 3?
6b
In base 15, what is 4 - -20?
24
In base 5, what is 2 - -124?
131
In base 13, what is -1 - -18?
17
In base 2, what is 10011100111010 - -11?
10011100111101
In base 14, what is -4a - -4?
-46
In base 4, what is -1 - -23?
22
In base 16, what is a - -de?
e8
In base 5, what is 4 - 2400?
-2341
In base 12, what is 67 - -1?
68
In base 6, what is 52 - 32?
20
In base 14, what is -131 + 1?
-130
In base 2, what is -101 + 10001011?
10000110
In base 11, what is -5 - 149?
-153
In base 4, what is 1 - 213?
-212
In base 5, what is 140 - -2?
142
In base 3, what is 122210 + 1112?
201022
In base 12, what is -210 - 1?
-211
In base 5, what is 1202430 + -4?
1202421
In base 14, what is -195 + 0?
-195
In base 12, what is 1 + -10?
-b
In base 14, what is d8 - 43?
95
In base 9, what is 4 + -124?
-120
In base 14, what is a + -37?
-2b
In base 13, what is 98 + -2?
96
In base 3, what is -121 - -110?
-11
In base 14, what is 646a - -5?
6471
In base 6, what is -3 + -222?
-225
In base 3, what is 20 + 1?
21
In base 4, what is -1011 - -3?
-1002
In base 2, what is -101 - -1001111?
1001010
In base 8, what is -6600 - 4?
-6604
In base 10, what is -83 - 27?
-110
In base 6, what is 1 - -452?
453
In base 16, what is -a + 25?
1b
In base 8, what is 17760 + -5?
17753
In base 7, what is -403 + -155?
-561
In base 9, what is -3035 + 1?
-3034
In base 12, what is 203 - -5?
208
In base 5, what is -10 - 3?
-13
In base 6, what is 11 + 312?
323
In base 2, what is -11100 - -10100011?
10000111
In base 11, what is -3618 - -3?
-3615
In base 11, what is 4342 - 0?
4342
In base 12, what is 0 + -872?
-872
In base 7, what is -31213 - -1?
-31212
In base 4, what is -2 - -22310?
22302
In base 8, what is 441 + 0?
441
In base 9, what is -1022 - 1?
-1023
In base 12, what is 6 + 119?
123
In base 3, what is 2121 - 0?
2121
In base 14, what is -61 + 0?
-61
In base 11, what is -30 + -274?
-2a4
In base 6, what is 140 - -13?
153
In base 11, what is 7 + 20?
27
In base 9, what is -1000 - 38?
-1038
In base 16, what is 5 + -197?
-192
In base 3, what is -210 + -11002?
-11212
In base 12, what is 1 + 1514?
1515
In base 9, what is -6 + -60?
-66
In base 7, what is -2246 - -12?
-2234
In base 5, what is -23 + -1?
-24
In base 10, what is -245 + -5?
-250
In base 13, what is c + 11?
20
In base 14, what is 11 + -46a?
-459
In base 2, what is 1011001 + 100?
1011101
In base 3, what is -10 - 12111?
-12121
In base 8, what is 3 - -5744?
5747
In base 15, what is 4 - 1327?
-1323
In base 6, what is 544 + -44?
500
In base 16, what is -4f + -e?
-5d
In base 9, what is 3 + -145?
-142
In base 10, what is -18 - 590?
-608
In base 12, what is -93 - -5?
-8a
In base 5, what is -1420 - -3?
-1412
In base 8, what is -7 - 344?
-353
In base 7, what is -1 - -1344?
1343
In base 10, what is -1 + 952?
951
In base 16, what is 1b - -a?
25
In base 4, what is -10 - -23100?
23030
In base 15, what is -44 - 2?
-46
In base 11, what is -1a7 + 4?
-1a3
In base 8, what is -1126 - -7?
-1117
In base 16, what is 3 + 14c?
14f
In base 16, what is b0 - -3?
b3
In base 16, what is 8f + 5?
94
In base 9, what is -5 - -178?
173
In base 13, what is -6 - -23?
1a
In base 5, what is 42244 - 0?
42244
In base 10, what is -2 - 150?
-152
In base 2, what is 0 + -1000010?
-1000010
In base 13, what is 0 + -b?
-b
In base 14, what is -3 + a7?
a4
In base 6, what is -1010 - 2?
-1012
In base 16, what is -219 - -1?
-218
In base 12, what is 2a - -b6?
124
In base 6, what is 5 + -1550?
-1541
In base 5, what is 40 - 113?
-23
In base 9, what is -5 - 584?
-600
In base 12, what is -731 - 4?
-735
In base 2, what is 10010111001 + 1000?
10011000001
In base 4, what is -100 + 31?
-3
In base 7, what is 335 - -5?
343
In base 10, what is -1745 - -5?
-1740
In base 16, what is 1aa - 8?
1a2
In base 16, what is 2 - 